{"id":1259,"date":"2021-10-18T09:33:59","date_gmt":"2021-10-18T09:33:59","guid":{"rendered":"https:\/\/jthemes.net\/themes\/wp\/olmo\/?page_id=1259"},"modified":"2022-11-19T08:09:03","modified_gmt":"2022-11-19T08:09:03","slug":"terms-privacy","status":"publish","type":"page","link":"https:\/\/fitandbody.ch\/?page_id=1259","title":{"rendered":"Mentions l\u00e9gales"},"content":{"rendered":"\t\t<div data-elementor-type=\"wp-page\" data-elementor-id=\"1259\" class=\"elementor elementor-1259\" data-elementor-post-type=\"page\">\n\t\t\t\t\t\t<section class=\"elementor-section elementor-top-section elementor-element elementor-element-a3dcda1 elementor-section-boxed elementor-section-height-default elementor-section-height-default\" data-id=\"a3dcda1\" data-element_type=\"section\" data-settings=\"{&quot;background_background&quot;:&quot;classic&quot;}\">\n\t\t\t\t\t\t<div class=\"elementor-container elementor-column-gap-default\">\n\t\t\t\t\t<div class=\"elementor-column elementor-col-100 elementor-top-column elementor-element elementor-element-6ce3ddc\" data-id=\"6ce3ddc\" data-element_type=\"column\">\n\t\t\t<div class=\"elementor-widget-wrap elementor-element-populated\">\n\t\t\t\t\t\t<div class=\"elementor-element elementor-element-991894a elementor-widget elementor-widget-olmo-title\" data-id=\"991894a\" data-element_type=\"widget\" data-widget_type=\"olmo-title.default\">\n\t\t\t\t<div class=\"elementor-widget-container\">\n\t\t\t        \r\n\t\t<div class=\"heading-content center\">\r\n\t\t\t\t\t\t\t\t\t\t\t\t<div class=\"heading-icon\"><i class=\"\"><\/i><\/div>\r\n\t\t\t\t                                                \t<h2 class=\"h2-md\">Mentions l\u00e9gales<\/h2>\r\n                \t\t\t\t                   \r\n\t\t<\/div>\r\n    \t\t\t<\/div>\n\t\t\t\t<\/div>\n\t\t\t\t\t<\/div>\n\t\t<\/div>\n\t\t\t\t\t<\/div>\n\t\t<\/section>\n\t\t\t\t<section class=\"elementor-section elementor-top-section elementor-element elementor-element-085a2d0 elementor-section-boxed elementor-section-height-default elementor-section-height-default\" data-id=\"085a2d0\" data-element_type=\"section\">\n\t\t\t\t\t\t<div class=\"elementor-container elementor-column-gap-default\">\n\t\t\t\t\t<div class=\"elementor-column elementor-col-100 elementor-top-column elementor-element elementor-element-47f7006\" data-id=\"47f7006\" data-element_type=\"column\">\n\t\t\t<div class=\"elementor-widget-wrap elementor-element-populated\">\n\t\t\t\t\t\t<div class=\"elementor-element elementor-element-d7d53f3 divider elementor-widget-divider--view-line elementor-widget elementor-widget-divider\" data-id=\"d7d53f3\" data-element_type=\"widget\" data-widget_type=\"divider.default\">\n\t\t\t\t<div class=\"elementor-widget-container\">\n\t\t\t\t\t<div class=\"elementor-divider\">\n\t\t\t<span class=\"elementor-divider-separator\">\n\t\t\t\t\t\t<\/span>\n\t\t<\/div>\n\t\t\t\t<\/div>\n\t\t\t\t<\/div>\n\t\t\t\t\t<\/div>\n\t\t<\/div>\n\t\t\t\t\t<\/div>\n\t\t<\/section>\n\t\t\t\t<section class=\"elementor-section elementor-top-section elementor-element elementor-element-a2bdb86 elementor-section-boxed elementor-section-height-default elementor-section-height-default\" data-id=\"a2bdb86\" data-element_type=\"section\">\n\t\t\t\t\t\t<div class=\"elementor-container elementor-column-gap-default\">\n\t\t\t\t\t<div class=\"elementor-column elementor-col-100 elementor-top-column elementor-element elementor-element-75d4420\" data-id=\"75d4420\" data-element_type=\"column\">\n\t\t\t<div class=\"elementor-widget-wrap elementor-element-populated\">\n\t\t\t\t\t\t<div class=\"elementor-element elementor-element-c9b024f elementor-widget elementor-widget-text-editor\" data-id=\"c9b024f\" data-element_type=\"widget\" data-widget_type=\"text-editor.default\">\n\t\t\t\t<div class=\"elementor-widget-container\">\n\t\t\t\t\t\t\t<h1 class=\"headline\">CONTACT<\/h1><p class=\"bodytext\"><u>Nom de l&rsquo;entreprise :<\/u>\u00a0Fit &amp; Bike<\/p><p class=\"bodytext\"><u>Adresse :<\/u>\u00a0Chemin de la Pallanterie 6,\u00a01222\u00a0V\u00e9senaz<\/p><p class=\"bodytext\"><u>T\u00e9l\u00e9phone :<\/u>\u00a0<a href=\"tel:+410227521059\" data-global=\"phone\" data-track-event=\"click\" data-track-action=\"phone_link\">022 752 10 59<\/a><\/p><p class=\"bodytext\"><u>E-mail :<\/u>\u00a0<a href=\"mailto:info@fitandbike.ch\" data-track-event=\"click\" data-track-action=\"email_link\">info@fitandbike.ch<\/a><\/p><p class=\"headline\"><b>MENTIONS L\u00c9GALES<\/b><\/p><p class=\"bodytext\">Ce site internet utilise des cookies. Les cookies sont de petits fichiers textes qui sont enregistr\u00e9s sur votre ordinateur, lors de la visite du site, de fa\u00e7on temporaire ou durable. Le but des cookies est en particulier d\u2019analyser l\u2019utilisation du site, en vue d\u2019une exploitation statistique, ainsi que d\u2019am\u00e9liorations continues. Les cookies peuvent \u00eatre \u00e0 tout moment d\u00e9sactiv\u00e9s dans les param\u00e8tres de votre navigateur web, partiellement ou en totalit\u00e9. En d\u00e9sactivant les cookies, certaines fonctionnalit\u00e9s de ce site peuvent \u00e9ventuellement ne plus \u00eatre disponibles.<\/p>\t\t\t\t\t\t<\/div>\n\t\t\t\t<\/div>\n\t\t\t\t\t<\/div>\n\t\t<\/div>\n\t\t\t\t\t<\/div>\n\t\t<\/section>\n\t\t\t\t<section class=\"elementor-section elementor-top-section elementor-element elementor-element-dcbbd5a elementor-section-boxed elementor-section-height-default elementor-section-height-default\" data-id=\"dcbbd5a\" data-element_type=\"section\">\n\t\t\t\t\t\t<div class=\"elementor-container elementor-column-gap-default\">\n\t\t\t\t\t<div class=\"elementor-column elementor-col-100 elementor-top-column elementor-element elementor-element-8ac5dc2\" data-id=\"8ac5dc2\" data-element_type=\"column\">\n\t\t\t<div class=\"elementor-widget-wrap elementor-element-populated\">\n\t\t\t\t\t\t<div class=\"elementor-element elementor-element-f75096f elementor-align-center elementor-widget elementor-widget-button\" data-id=\"f75096f\" data-element_type=\"widget\" data-widget_type=\"button.default\">\n\t\t\t\t<div class=\"elementor-widget-container\">\n\t\t\t\t\t<div class=\"elementor-button-wrapper\">\n\t\t\t<a class=\"elementor-button elementor-button-link elementor-size-lg\" href=\"https:\/\/fitandbody.ch\/wp-content\/uploads\/2022\/11\/Confidentialite.pdf\" target=\"_blank\">\n\t\t\t\t\t\t<span class=\"elementor-button-content-wrapper\">\n\t\t\t\t\t\t\t\t\t<span class=\"elementor-button-text\">Politique de confidentialit\u00e9<\/span>\n\t\t\t\t\t<\/span>\n\t\t\t\t\t<\/a>\n\t\t<\/div>\n\t\t\t\t<\/div>\n\t\t\t\t<\/div>\n\t\t\t\t\t<\/div>\n\t\t<\/div>\n\t\t\t\t\t<\/div>\n\t\t<\/section>\n\t\t\t\t<\/div>\n\t\t","protected":false},"excerpt":{"rendered":"<p>Mentions l\u00e9gales CONTACT Nom de l&rsquo;entreprise :\u00a0Fit &amp; Bike Adresse<\/p>\n<div class=\"read-more-wrapper\"><a class=\"more-link read-more-link\" href=\"https:\/\/fitandbody.ch\/?page_id=1259\">Read More<\/a><\/div>\n","protected":false},"author":1,"featured_media":0,"parent":0,"menu_order":0,"comment_status":"closed","ping_status":"closed","template":"page-templates\/home-page.php","meta":{"footnotes":""},"folder":[49],"class_list":["post-1259","page","type-page","status-publish","hentry"],"aioseo_notices":[],"_links":{"self":[{"href":"https:\/\/fitandbody.ch\/index.php?rest_route=\/wp\/v2\/pages\/1259","targetHints":{"allow":["GET"]}}],"collection":[{"href":"https:\/\/fitandbody.ch\/index.php?rest_route=\/wp\/v2\/pages"}],"about":[{"href":"https:\/\/fitandbody.ch\/index.php?rest_route=\/wp\/v2\/types\/page"}],"author":[{"embeddable":true,"href":"https:\/\/fitandbody.ch\/index.php?rest_route=\/wp\/v2\/users\/1"}],"replies":[{"embeddable":true,"href":"https:\/\/fitandbody.ch\/index.php?rest_route=%2Fwp%2Fv2%2Fcomments&post=1259"}],"version-history":[{"count":0,"href":"https:\/\/fitandbody.ch\/index.php?rest_route=\/wp\/v2\/pages\/1259\/revisions"}],"wp:attachment":[{"href":"https:\/\/fitandbody.ch\/index.php?rest_route=%2Fwp%2Fv2%2Fmedia&parent=1259"}],"wp:term":[{"taxonomy":"folder","embeddable":true,"href":"https:\/\/fitandbody.ch\/index.php?rest_route=%2Fwp%2Fv2%2Ffolder&post=1259"}],"curies":[{"name":"wp","href":"https:\/\/api.w.org\/{rel}","templated":true}]}}